{"id":44183,"date":"2016-11-14T22:44:56","date_gmt":"2016-11-14T21:44:56","guid":{"rendered":"http:\/\/soaplexikon.de\/cms\/?page_id=44183"},"modified":"2016-11-14T22:44:56","modified_gmt":"2016-11-14T21:44:56","slug":"cliffhanger","status":"publish","type":"page","link":"https:\/\/soaplexikon.de\/cms\/lexikon\/cliffhanger\/","title":{"rendered":"Cliffhanger"},"content":{"rendered":"<p style=\"text-align: justify;\">Serien mit einer fortlaufenden Handlung enden meist am spannendsten Punkt der Folge mit einem Cliffhanger. Dies soll den Zuschauer dazu bringen am n\u00e4chsten Tag wieder einzuschalten. Seinen Ursprung hat der Cliffhanger im <a href=\"http:\/\/soaplexikon.de\/cms\/timeline\/ursprung-der-soap-der-fortsetzungsroman\/\">Fortsetzungsroman<\/a> \u201eA Pair of Blue Eyes\u201c von Thomas Hardy. In der letzten Szene h\u00e4ngt der Held \u201eHenry Knight\u201c an einer Klippe (daher Cliffhanger) und es blieb offen, ob er abst\u00fcrzt oder \u00fcberlebt. Der spannungsgebende Begriff wurde beibehalten und findet sich heute nicht nur in <a href=\"http:\/\/soaplexikon.de\/cms\/lexikon\/seifenoper\/\">Soaps<\/a> und <a href=\"http:\/\/soaplexikon.de\/cms\/lexikon\/telenovela\/\">Telenovelas<\/a>, sondern auch in Filmen, die eine sichere Fortsetzung bekommen.<\/p>\n<p style=\"text-align: justify;\">Der Cliffhanger wird in der n\u00e4chsten Folge meist in der ersten Szene aufgel\u00f6st \u2013 im sogenannten Pick Up. Die Szene vor dem Cliffhanger ist meistens ebenfalls eine spannungsgeladene Szene und wird als Pen bezeichnet. Vereinzelt kommt es sogar vor, dass Pen und Cliffhanger im Schnitt noch getauscht werden, damit die Folge auf dem insgesamt spannendsten Moment endet.<\/p>\n<h2 style=\"text-align: justify;\">Verschiedene Formen des Cliffhangers<\/h2>\n<p style=\"text-align: justify;\">Die klassische Form ist der spannungsgeladene Cliff. Es gibt aber auch den Happy End Cliff, in dem sich zwei Figuren endlich finden und es zum Kuss kommt. Dieser wird meist nicht direkt aufgel\u00f6st, sondern der Pen bekommt den direkten Pick Up. Ungl\u00fccklich sind sogenannte Park-Cliffs. Die Folge endet mit einem Cliffhanger und es gibt dazu keine Aufl\u00f6sung, da dieser Strang geparkt wurde.<\/p>\n<p style=\"text-align: justify;\">Im Laufe der Jahrzehnte gab es unz\u00e4hlige Cliffhanger, doch nur die wenigsten sind Zuschauern noch lange in Erinnerung geblieben. \u201eDallas\u201c gelang gleich zweimal das Unfassbare. Staffel 3 schloss mit Sch\u00fcssen auf Serienfiesling \u201eJ. R. Ewing\u201c ab, und das Geheimnis um den Sch\u00fctzen wurde erst in der vierten Folge der vierten Staffel aufgedeckt. Die Zuschauer mussten acht Monate auf die Aufl\u00f6sung warten. Auch das Finale der neunten Staffel wusste zu \u00fcberraschen. Im letzten Bild stand der verstorbene \u201eBobby Ewing\u201c \u00fcberraschend unter der Dusche. Zu Beginn der zehnten Staffel wurde die komplette neunte Staffel zu einem Traum erkl\u00e4rt.<\/p>\n<p style=\"text-align: justify;\">\u201eDynasty\u201c brachte es 1985 auf einen fulminanten Cliffhanger, in dem der gesamte Hauptcast bei der Moldawischen Traumhochzeit einem Massaker zum Opfer fiel. Die Aufl\u00f6sung war entt\u00e4uschend, da au\u00dfer den Gastdarstellern niemand ums Leben kam und die gro\u00dfe Aufregung nur vorgeschoben schien.<\/p>\n<p style=\"text-align: justify;\">Cliffhanger haben aber auch gro\u00dfe Nachteile, wenn die Serie \u00fcberraschend endet und keiner der offenen Str\u00e4nge zu einem Ende gef\u00fchrt wird. So war es bei \u201eThe Colbys\u201c in der zweiten Staffel, als \u201eFallon\u201c in ein Raumschiff stieg. Die Handlung wurde in der achten Staffel \u201eDynasty\u201c aufgegriffen und dort beendet. Auch das Ende von \u201eDynasty\u201c nach der neunten Staffel lie\u00df viele Fragen offen, weswegen ein Special als Abschlussfilm nachgeschoben wurde und die Zuschauer entt\u00e4uschte.<\/p>\n","protected":false},"excerpt":{"rendered":"<p>Serien mit einer fortlaufenden Handlung enden meist am spannendsten Punkt der Folge mit einem Cliffhanger. Dies soll den Zuschauer dazu bringen am n\u00e4chsten Tag wieder einzuschalten. Seinen Ursprung hat der Cliffhanger im Fortsetzungsroman \u201eA Pair of Blue Eyes\u201c von Thomas Hardy. In der letzten Szene h\u00e4ngt der Held \u201eHenry Knight\u201c an einer Klippe (daher Cliffhanger) [&hellip;]<\/p>\n","protected":false},"author":2,"featured_media":0,"parent":16713,"menu_order":0,"comment_status":"closed","ping_status":"closed","template":"","meta":{"footnotes":""},"class_list":["post-44183","page","type-page","status-publish","hentry"],"_links":{"self":[{"href":"https:\/\/soaplexikon.de\/cms\/wp-json\/wp\/v2\/pages\/44183","targetHints":{"allow":["GET"]}}],"collection":[{"href":"https:\/\/soaplexikon.de\/cms\/wp-json\/wp\/v2\/pages"}],"about":[{"href":"https:\/\/soaplexikon.de\/cms\/wp-json\/wp\/v2\/types\/page"}],"author":[{"embeddable":true,"href":"https:\/\/soaplexikon.de\/cms\/wp-json\/wp\/v2\/users\/2"}],"replies":[{"embeddable":true,"href":"https:\/\/soaplexikon.de\/cms\/wp-json\/wp\/v2\/comments?post=44183"}],"version-history":[{"count":3,"href":"https:\/\/soaplexikon.de\/cms\/wp-json\/wp\/v2\/pages\/44183\/revisions"}],"predecessor-version":[{"id":44237,"href":"https:\/\/soaplexikon.de\/cms\/wp-json\/wp\/v2\/pages\/44183\/revisions\/44237"}],"up":[{"embeddable":true,"href":"https:\/\/soaplexikon.de\/cms\/wp-json\/wp\/v2\/pages\/16713"}],"wp:attachment":[{"href":"https:\/\/soaplexikon.de\/cms\/wp-json\/wp\/v2\/media?parent=44183"}],"curies":[{"name":"wp","href":"https:\/\/api.w.org\/{rel}","templated":true}]}}