{"id":43325,"date":"2015-10-11T00:00:53","date_gmt":"2015-10-10T22:00:53","guid":{"rendered":"http:\/\/soaplexikon.de\/cms\/?page_id=43325"},"modified":"2016-09-21T21:56:15","modified_gmt":"2016-09-21T19:56:15","slug":"ursprung-der-soap-die-radio-soap-irna-phillipps","status":"publish","type":"page","link":"https:\/\/soaplexikon.de\/cms\/timeline\/ursprung-der-soap-die-radio-soap-irna-phillipps\/","title":{"rendered":"Ursprung der Soap: Die Radio-Soap &#8211; Irna Phillipps"},"content":{"rendered":"<p>Die Soap Opera, so wie wir sie heute verstehen, ist zur\u00fcckzuf\u00fchren auf Irna Phillips. 1930 moderierte die ehemalige Lehrerin die Sendung &#8222;Thought for a Day&#8220; auf WGN in Chicago. F\u00fchrungskr\u00e4fte des Senders waren von ihrem Moderationstalent nicht \u00fcberzeugt und schlugen vor, sie solle sich am Drehbuchschreiben versuchen und eine Serie \u00e4hnlich wie &#8222;The Gumps&#8220; und &#8222;Sam &#8217;n&#8216; Henry&#8220; versuchen, die beide sehr erfolgreich gewesen waren.<\/p>\n<hr \/>\n<p>&nbsp;<\/p>\n<p>Im Herbst 1930 ging Phillips&#8216; erste, anf\u00e4nglich noch ungesponsorte, Seifenoper auf Sendung: &#8222;Painted Dreams&#8220;. Bereits hier l\u00e4sst sich das Fundament erkennen, auf welchem sie alle ihrer noch kommenden Soaps bauen sollte: Eine Familie als Herzst\u00fcck der Serie, mit all ihren Belastungen und Problemen, die das t\u00e4gliche Leben zu bieten hat. Der wichtigste Charakter der Soap war Mutter Moynihan, das Oberhaupt der Familie, die eine Privatpension betrieb. Die Drehb\u00fccher hoben besonders den heimischen Bereich und pers\u00f6nliche Beziehungen hervor. Mutter Moynihans gr\u00f6\u00dfte Sorge war die Zukunft ihrer Tochter Irene, die sich als moderne junge Frau verstand, die eine eigene Karriere haben wollte und nicht nur als Hausfrau enden wollte.<\/p>\n<p>Durch den Erfolg in Chicago \u00fcberzeugt, wollte Phillips ihre Soap auf nationaler Ebene auf Sendung bringen und sie an einen der gr\u00f6\u00dften amerikanischen Sender verkaufen. Sie verklagte den Sender WGN, der behauptete, das Copyright an Painted Dreams zu besitzen, verlor aber. Sie k\u00fcndigte daraufhin bei WGN und wechselte als unabh\u00e4ngige Produzentin zum Konkurrenzsender WMAQ, einem Tochtersender der NBC in Chicago und kreierte &#8222;Today&#8217;s Children&#8220;, welches ab dem 11. September 1933 auf nationaler Ebene ausgestrahlt wurde. &#8222;Today&#8217;s Children&#8220; war Painted Dreams in leicht abgewandelter Form: Mutter Moynihan wurde zu Mutter Moran, die ihren drei erwachsenen Kindern mit Rat und Tat zur Seite stand. Als Phillips&#8216; Mutter, die als Inspiration f\u00fcr die jeweiligen M\u00fctter gedient hatte, verstarb, beendete Phillips auch die Serie: am 31. Dezember 1937 lief die letzte Folge.<\/p>\n<p>1937 kreierte Phillips ihre erfolgreichste Soap &#8222;The Guiding Light&#8220;, die bis zu ihrer Einstellung im Jahr 2009 fast 72 Jahre auf Sendung war, 19 davon im Radio und ab 1952 im Fernsehen. Anfangs waren der nicht konfessionsgebundene Seelsorger Dr. John Ruthledge und die Bewohner des Schauplatzes Five Points Dreh- und Angelpunkt der Serie. Phillips setzte hier komplett die Essenz der Seifenoper um: komplex aufgebaute Handlungen in Form von Haupt- und Nebengeschichten, welche niemals ein Ende finden.<\/p>\n<p>Sehr schnell wurde ihr von der Presse der Titel &#8222;Queen of the Soap Opera&#8220; verliehen. Sie war unabh\u00e4ngige Produzentin ihrer Serien. Diese vertrieb sie paketweise an ihre Sponsoren, haupts\u00e4chlich Procter &amp; Gamble, welche die meisten Serien sponsorten. Sie arbeitete an mehren Soaps gleichzeitig und schrieb bzw. diktierte gut 2 Millionen W\u00f6rter pro Jahr. Als f\u00fcnf Serien sie zu sehr strapazierten, stellte Phillips weitere Autoren ein, die f\u00fcr die Dialoge zust\u00e4ndig waren, nachdem sie die Geschichte skizziert hatte. Sie blieb jedoch Hauptquelle f\u00fcr narrative Kunstgriffe, darunter einer, der zu einem der wichtigsten Kunstgriffe \u00fcberhaupt werden sollte: die Amnesie-Storyline.<\/p>\n<p>Drei ihrer Serien liefen 1945 hintereinander unter dem Deckmantel &#8222;The General Mills Hour&#8220;. Dieser erz\u00e4hlerische Rahmen lie\u00df es zu, dass Charaktere der einen Serie in der anderen auftauchen konnten.<\/p>\n<p><a href=\"http:\/\/soaplexikon.de\/cms\/lexikon\/ursprung-der-soap-die-radio-soap-frank-anne-hummert\/\">Ursprung der Soap: Die Radio-Soap \u2013 Frank &#038; Anne Hummert<\/a><\/p>\n","protected":false},"excerpt":{"rendered":"<p>Die Soap Opera, so wie wir sie heute verstehen, ist zur\u00fcckzuf\u00fchren auf Irna Phillips. 1930 moderierte die ehemalige Lehrerin die Sendung &#8222;Thought for a Day&#8220; auf WGN in Chicago. F\u00fchrungskr\u00e4fte des Senders waren von ihrem Moderationstalent nicht \u00fcberzeugt und schlugen vor, sie solle sich am Drehbuchschreiben versuchen und eine Serie \u00e4hnlich wie &#8222;The Gumps&#8220; und [&hellip;]<\/p>\n","protected":false},"author":3,"featured_media":0,"parent":43914,"menu_order":3,"comment_status":"closed","ping_status":"closed","template":"","meta":{"footnotes":""},"class_list":["post-43325","page","type-page","status-publish","hentry"],"_links":{"self":[{"href":"https:\/\/soaplexikon.de\/cms\/wp-json\/wp\/v2\/pages\/43325","targetHints":{"allow":["GET"]}}],"collection":[{"href":"https:\/\/soaplexikon.de\/cms\/wp-json\/wp\/v2\/pages"}],"about":[{"href":"https:\/\/soaplexikon.de\/cms\/wp-json\/wp\/v2\/types\/page"}],"author":[{"embeddable":true,"href":"https:\/\/soaplexikon.de\/cms\/wp-json\/wp\/v2\/users\/3"}],"replies":[{"embeddable":true,"href":"https:\/\/soaplexikon.de\/cms\/wp-json\/wp\/v2\/comments?post=43325"}],"version-history":[{"count":4,"href":"https:\/\/soaplexikon.de\/cms\/wp-json\/wp\/v2\/pages\/43325\/revisions"}],"predecessor-version":[{"id":43680,"href":"https:\/\/soaplexikon.de\/cms\/wp-json\/wp\/v2\/pages\/43325\/revisions\/43680"}],"up":[{"embeddable":true,"href":"https:\/\/soaplexikon.de\/cms\/wp-json\/wp\/v2\/pages\/43914"}],"wp:attachment":[{"href":"https:\/\/soaplexikon.de\/cms\/wp-json\/wp\/v2\/media?parent=43325"}],"curies":[{"name":"wp","href":"https:\/\/api.w.org\/{rel}","templated":true}]}}